25511824.
104
Calculate the greatest common factor of 48013 and 2723.
7
What is the greatest common factor of 2144 and 3094127?
67
What is the greatest common factor of 41405 and 1008371?
637
What is the greatest common divisor of 47775 and 23268700?
2275
Calculate the highest common factor of 135 and 7065171.
27
What is the greatest common factor of 4871880 and 99333?
351
Calculate the greatest common divisor of 121135434 and 4186.
322
What is the highest common factor of 8 and 324490076?
4
Calculate the highest common divisor of 422302512 and 14640.
2928
What is the greatest common factor of 821542111 and 2678?
1339
What is the greatest common divisor of 951595 and 71083?
2293
Calculate the highest common divisor of 36626160 and 2397.
2397
Calculate the highest common divisor of 136 and 5549684.
68
Calculate the greatest common factor of 14073776 and 899128.
5384
Calculate the greatest common divisor of 555656 and 776.
8
What is the greatest common divisor of 821 and 138333574?
821
Calculate the greatest common factor of 352 and 13218592.
32
Calculate the greatest common divisor of 1548321 and 678459.
417
Calculate the highest common factor of 1625264 and 253712.
2512
What is the greatest common divisor of 465645 and 728715?
555
What is the highest common factor of 279485085 and 495?
165
What is the highest common factor of 1045803 and 1450416?
2211
What is the greatest common factor of 412 and 2392204?
4
What is the greatest common factor of 9043125 and 1378?
689
What is the highest common factor of 25044 and 809?
1
What is the highest common factor of 69296 and 11651?
61
What is the highest common divisor of 137795156 and 96341?
13763
What is the highest common factor of 2965 and 330295?
5
What is the highest common divisor of 4963346 and 229?
229
Calculate the greatest common divisor of 15500101 and 433.
433
What is the greatest common divisor of 1500 and 1452468?
12
What is the highest common divisor of 264 and 830856?
24
What is the greatest common factor of 2079 and 9414333?
27
Calculate the greatest common divisor of 36271494 and 218.
218
What is the greatest common divisor of 12 and 371946?
6
Calculate the greatest common divisor of 54 and 149371398.
54
Calculate the highest common divisor of 245707 and 1078.
77
What is the highest common factor of 89052 and 3396?
12
Calculate the greatest common factor of 15280 and 8160.
80
Calculate the greatest common factor of 1198134 and 9888102.
4662
Calculate the highest common divisor of 117610 and 13110.
190
Calculate the highest common divisor of 22588627 and 9037.
1291
What is the highest common divisor of 2013278 and 684?
38
Calculate the highest common factor of 283275 and 185.
5
Calculate the highest common factor of 3798 and 1590096.
1266
Calculate the greatest common divisor of 3683 and 63481.
29
What is the highest common divisor of 54498 and 26463?
3
What is the greatest common divisor of 7067005 and 1210?
605
What is the highest common divisor of 195285 and 7441605?
4155
Calculate the greatest common factor of 13998468 and 9808.
2452
What is the highest common divisor of 149624555 and 905?
905
What is the greatest common factor of 10547 and 1315589?
199
Calculate the greatest common divisor of 170 and 2608514.
34
What is the greatest common divisor of 1820211 and 33?
3
Calculate the greatest common divisor of 32 and 79157264.
16
What is the highest common factor of 961586 and 32732?
334
Calculate the greatest common factor of 147 and 31727451.
147
Calculate the greatest common divisor of 1274794 and 10063826.
6406
Calculate the greatest common factor of 1344 and 21819.
21
Calculate the highest common factor of 50808630 and 30.
30
Calculate the greatest common divisor of 3227544 and 46.
46
What is the greatest common factor of 35736 and 19776?
24
Calculate the highest common divisor of 50 and 1335706300.
50
Calculate the highest common divisor of 10962914 and 59264.
926
Calculate the greatest common divisor of 12886633 and 113.
113
Calculate the highest common factor of 22265554 and 32918.
302
What is the highest common divisor of 10259730 and 211562?
2054
Calculate the greatest common factor of 17822 and 682520223.
8911
Calculate the highest common divisor of 6118280 and 10360.
280
What is the highest common divisor of 475 and 19700825?
25
What is the highest common divisor of 257 and 557898427?
257
Calculate the greatest common factor of 181 and 5030533.
181
Calculate the highest common factor of 103763934 and 882.
18
What is the greatest common divisor of 1606061 and 9329?
491
What is the highest common divisor of 6025 and 835612070?
1205
What is the highest common divisor of 5371 and 47122403?
131
Calculate the greatest common divisor of 55012211 and 2545.
509
Calculate the highest common factor of 219048 and 12396.
12
Calculate the highest common divisor of 46 and 266886526.
46
What is the highest common divisor of 604225254 and 118?
118
What is the greatest common divisor of 83174 and 22432302?
914
What is the highest common divisor of 6364160 and 1045?
55
What is the highest common factor of 2638795 and 7705?
335
Calculate the greatest common divisor of 71 and 47388311.
71
Calculate the greatest common divisor of 321996422 and 11.
11
Calculate the highest common factor of 187201635 and 2593.
2593
Calculate the greatest common divisor of 19 and 38645620.
19
What is the highest common factor of 843 and 44800392?
843
What is the highest common factor of 3106812 and 383412?
1068
What is the greatest common divisor of 74431 and 8820833?
1519
What is the greatest common factor of 9888 and 139616?
32
What is the highest common factor of 331146999 and 10148?
2537
What is the greatest common divisor of 3133 and 3504605?
13
Calculate the greatest common factor of 2730 and 116820665.
65
What is the highest common divisor of 132 and 2138356?
44
What is the highest common divisor of 13561506 and 36?
18
Calculate the greatest common divisor of 8821075 and 108721.
667
What is the greatest common factor of 34289039 and 1186?
593
What is the greatest common factor of 1136396 and 381?
127
Calculate the greatest common factor of 50 and 118910560.
10
Calculate the highest common factor of 128 and 33366144.
128
Calculate the greatest common factor of 2800 and 2518760.
40
Calculate the highest common factor of 57528 and 3198303.
423
What is the highest common factor of 3872463 and 34587?
1281
Calculate the greatest common factor of 22240876 and 3304.
1652
Calculate the highest common divisor of 2268 and 237183660.
756
What is the greatest common factor of 130 and 5820230?
130
What is the highest common divisor of 1624 and 230260870?
406
What is the greatest common divisor of 5173605 and 410400?
2565
Calculate the highest common divisor of 396859820 and 980.
980
Calculate the greatest common factor of 13498662 and 1278.
426
Calculate the highest common factor of 10506 and 1339309.
103
What is the greatest common factor of 26541 and 135972?
27
Calculate the highest common divisor of 8966323 and 18499.
1423
Calculate the highest common factor of 90745788 and 252.
84
Calculate the greatest common divisor of 602042668 and 116.
116
What is the greatest common factor of 33 and 6835334?
11
Calculate the highest common factor of 123382 and 18277.
49
What is the highest common divisor of 10904085 and 1475?
295
Calculate the highest common divisor of 2825 and 10288085.
565
What is the highest common factor of 133305 and 69285?
15
What is the highest common factor of 33501468 and 168?
84
What is the greatest common divisor of 610 and 7774694?
122
Calculate the highest common factor of 11539098 and 7533.
243
What is the highest common factor of 16100343 and 350217?
3213
Calculate the highest common factor of 1316 and 736022.
14
What is the greatest common divisor of 664586048 and 1344?
448
What is the highest common factor of 455 and 45721305?
35
What is the greatest common factor of 814 and 117984?
2
What is the highest common divisor of 11186 and 20859258?
658
Calculate the greatest common factor of 33617444 and 14.
14
Calculate the highest common divisor of 271924 and 82268.
628
Calculate the highest common divisor of 756 and 3910956.
84
Calculate the highest common divisor of 37943 and 842734.
1997
Wh